s digit of 4124604?
1
What is the thousands digit of 128071?
8
What is the tens digit of 603719?
1
What is the thousands digit of 165424?
5
What is the tens digit of 968216?
1
What is the thousands digit of 963337?
3
What is the ten thousands digit of 34550?
3
What is the units digit of 601294?
4
What is the ten thousands digit of 134386?
3
What is the tens digit of 535422?
2
What is the thousands digit of 565829?
5
What is the tens digit of 1591459?
5
What is the thousands digit of 2563182?
3
What is the ten thousands digit of 8305129?
0
What is the ten thousands digit of 674562?
7
What is the hundreds digit of 8505936?
9
What is the ten millions digit of 29946403?
2
What is the units digit of 847572?
2
What is the tens digit of 9781578?
7
What is the hundred thousands digit of 26031205?
0
What is the hundred thousands digit of 307194?
3
What is the millions digit of 5934986?
5
What is the ten thousands digit of 11518803?
1
What is the ten millions digit of 38204776?
3
What is the thousands digit of 164038?
4
What is the tens digit of 4824583?
8
What is the thousands digit of 61097?
1
What is the units digit of 5027984?
4
What is the thousands digit of 390337?
0
What is the hundred thousands digit of 635553?
6
What is the units digit of 100160?
0
What is the millions digit of 12554702?
2
What is the hundred thousands digit of 8295859?
2
What is the millions digit of 1002294?
1
What is the ten millions digit of 10559963?
1
What is the hundreds digit of 1854100?
1
What is the thousands digit of 558244?
8
What is the tens digit of 239245?
4
What is the ten millions digit of 16263470?
1
What is the hundred thousands digit of 274948?
2
What is the hundreds digit of 103170?
1
What is the hundreds digit of 10375144?
1
What is the units digit of 819753?
3
What is the ten thousands digit of 436402?
3
What is the units digit of 2638817?
7
What is the ten thousands digit of 1208455?
0
What is the ten thousands digit of 745268?
4
What is the thousands digit of 1980442?
0
What is the hundred thousands digit of 6084541?
0
What is the tens digit of 420645?
4
What is the ten thousands digit of 4521893?
2
What is the hundred thousands digit of 260453?
2
What is the hundred thousands digit of 15901439?
9
What is the units digit of 966391?
1
What is the ten thousands digit of 299301?
9
What is the millions digit of 4171030?
4
What is the units digit of 96089?
9
What is the units digit of 514279?
9
What is the hundred thousands digit of 188003?
1
What is the thousands digit of 2062843?
2
What is the tens digit of 15280790?
9
What is the ten thousands digit of 509313?
0
What is the tens digit of 325880?
8
What is the units digit of 86011?
1
What is the ten thousands digit of 3915665?
1
What is the units digit of 6318000?
0
What is the thousands digit of 1494214?
4
What is the ten thousands digit of 263517?
6
What is the units digit of 41975?
5
What is the tens digit of 137479?
7
What is the units digit of 58286?
6
What is the hundred thousands digit of 172397?
1
What is the thousands digit of 479526?
9
What is the tens digit of 993?
9
What is the units digit of 3658471?
1
What is the hundreds digit of 163106?
1
What is the hundred thousands digit of 2313526?
3
What is the units digit of 3550269?
9
What is the thousands digit of 246363?
6
What is the tens digit of 160320?
2
What is the ten thousands digit of 36422?
3
What is the hundreds digit of 2477808?
8
What is the ten millions digit of 19848032?
1
What is the hundreds digit of 2163076?
0
What is the hundred thousands digit of 1095574?
0
What is the tens digit of 221229?
2
What is the hundreds digit of 5062530?
5
What is the hundred thousands digit of 8448871?
4
What is the units digit of 397229?
9
What is the units digit of 3049329?
9
What is the units digit of 3902607?
7
What is the ten thousands digit of 1137291?
3
What is the hundreds digit of 7397001?
0
What is the hundreds digit of 501021?
0
What is the hundreds digit of 92751?
7
What is the thousands digit of 7072230?
2
What is the units digit of 13831658?
8
What is the hundred thousands digit of 1482281?
4
What is the hundreds digit of 7619?
6
What is the hundreds digit of 2352992?
9
What is the ten thousands digit of 193208?
9
What is the hundred thousands digit of 271306?
2
What is the tens digit of 7074835?
3
What is the units digit of 1787818?
8
What is the hundred thousands digit of 4159349?
1
What is the hundred thousands digit of 13236724?
2
What is the hundreds digit of 3285973?
9
What is the hundreds digit of 538496?
4
What is the hundreds digit of 23610789?
7
What is the units digit of 5275526?
6
What is the hundreds digit of 667582?
5
What is the ten thousands digit of 4659350?
5
What is the units digit of 217647?
7
What is the thousands digit of 35658?
5
What is the tens digit of 1321466?
6
What is the ten thousands digit of 355093?
5
What is the tens digit of 1252495?
9
What is the ten thousands digit of 3821802?
2
What is the tens digit of 3604862?
6
What is the thousands digit of 164217?
4
What is the tens digit of 10559104?
0
What is the units digit of 1389?
9
What is the tens digit of 711732?
3
What is the hundred thousands digit of 117023?
1
What is the ten millions digit of 15917661?
1
What is the hundred thousands digit of 952360?
9
What is the hundreds digit of 31764?
7
What is the ten thousands digit of 203686?
0
What is the ten millions digit of 19442286?
1
What is the tens digit of 795772?
7
What is the thousands digit of 1781993?
1
What is the thousands digit of 56869?
6
What is the units digit of 10151403?
3
What is the units digit of 24822923?
3
What is the thousands digit of 599376?
9
What is the hundreds digit of 590848?
8
What is the hundreds digit of 12665597?
5
What is the ten thousands digit of 843122?
4
What is the units digit of 807548?
8
What is the thousands digit of 8240044?
0
What is the hundred thousands digit of 3803055?
8
What is the millions digit of 8464079?
8
What is the hundred thousands digit of 277785?
2
What is the tens digit of 120343?
4
What is the tens digit of 984020?
2
What is the tens digit of 15309?
0
What is the hundred thousands digit of 10497761?
4
What is the ten thousands digit of 985316?
8
What is the tens digit of 492117?
1
What is the ten thousands digit of 260294?
6
What is the thousands digit of 1880325?
0
What is the tens digit of 1232286?
8
What is the hundred thousands digit of 2255141?
2
What is the hundred thousands digit of 3810637?
8
What is the millions digit of 1278149?
1
What is the ten thousands digit of 45487?
4
What is the ten thousands digit of 28208677?
0
What is the hundreds digit of 14687520?
5
What is the ten thousands digit of 652038?
5
What is the units digit of 1573878?
8
What is the thousands digit of 67806?
7
What is the units digit of 157883?
3
What is the tens digit of 2271180?
8
What is the hundred thousands digit of 2642613?
6
What is the hundred thousands digit of 596201?
5
What is the units digit of 200244?
4
What is the hundred thousands digit of 311691?
3
What is the tens digit of 33897?
9
What is the hundred thousands digit of 252579?
2
What is the thousands digit of 3343025?
3
What is the ten thousands digit of 18130622?
3
What is the tens digit of 4664498?
9
What is the hundred thousands digit of 965235?
9
What is the hundred thousands digit of 5277514?
2
What is the units digit of 1474012?
2
What is the hundreds digit of 27690?
6
What is the hundreds digit of 690440?
4
What is the hundreds digit of 225199?
1
What is the millions digit of 10235418?
0
What is the millions digit of 43026070?
3
What is the units digit of 232873?
3
What is the hundred thousands digit of 142684?
1
What is the units digit of 178272?
2
What is the thousands digit of 975502?
5
What is the tens digit of 5229405?
0
What is the units digit of 425896?
6
What is the tens digit of 3250112?
1
What is the units digit of 283397?
7
What is the tens digit of 533565?
6
What is the millions digit of 5119996?
5
What is the thousands digit of 87014?
7
What is the thousands digit of 1719269?
9
What is the ten thousands digit of 336658?
3
What is the hundred thousands digit of 2214095?
2
What is the ten thousands digit of 267122?
6
What is the tens digit of 214507?
0
What is the tens digit 